-4) a composite number?
False
Suppose -977 = 5*s - 3*p, -5*s - 395 = -3*s + 3*p. Let i be (223/1 - -3) + 3/(-1). Let f = i - s. Is f a prime number?
True
Suppose -3*c + 5*w + 37212 = 0, 26*w + 12382 = c + 28*w. Is c a prime number?
False
Suppose 0 = -2*f + 3*f - 13. Suppose f*p + 23 = 62. Suppose j + 3*u = 1709, p*u + 3418 = 2*j - 2*u. Is j composite?
False
Suppose -5*n - 2*b = -19775, 7896 = 2*n - 60*b + 58*b. Is n composite?
True
Let k = -222 - -217. Let v(a) = -561*a + 28. Is v(k) composite?
False
Is (-354161)/51*96/(-28) + 1/(-7) a composite number?
True
Let f(m) = 383*m**2 + 12*m + 40. Let j be f(-4). Let s = j - 4359. Is s composite?
True
Suppose -2*j = -33*h + 28*h + 1401401, 3*j = -5*h + 1401361. Is h prime?
True
Let u = -12115 - -19884. Is u a prime number?
False
Let h(d) = d**3 + 3*d**2 - 11*d - 5. Let o be h(-5). Suppose 6*s - 7*s - 8 = o. Let q(g) = 5*g**2 + 5*g + 13. Is q(s) composite?
False
Suppose 0 = 3*q + m - 2739597, -q - 2*m - 4*m + 913199 = 0. Is q a composite number?
True
Suppose -4*z = 3*m - 1280405, -m - 3*z + 426798 = 2*z. Is m prime?
False
Suppose 0 = -2*o - 6*u + 10*u + 154882, -5*u = o - 77406. Is o prime?
True
Let l(p) = 40*p**2 + 37*p - 22. Let k = -375 + 352. Is l(k) prime?
True
Let w(f) = 2*f**2 - 1. Let b(j) = 3*j**2 - 1. Let o(u) = -3*b(u) + 4*w(u). Let a(n) = 1184*n**2 - n - 2. Let i(t) = a(t) - 3*o(t). Is i(1) composite?
False
Suppose 109*i = 58*i + 10556643. Is i a prime number?
True
Suppose 0 = -j - 4*l + 63, -5*j + 0*l = 4*l - 347. Suppose 9*t - 10*t = -j. Suppose t = 4*d - 61. Is d composite?
True
Let z = -77250 - -157669. Is z composite?
True
Is (-7325088)/72*33/(-44) a prime number?
True
Let s(t) = 32513*t + 1395. Is s(16) a composite number?
False
Suppose -40*i - 3*p + 7940 = -39*i, -4*p = -6*i + 47794. Let l(s) = 7*s - 1. Let d be l(1). Suppose -3625 = -d*t + i. Is t composite?
False
Let x = -422605 + 1050876. Is x composite?
True
Suppose 4*d - 25*d - o + 8224501 = 0, -3*d - 4*o = -1174921. Is d prime?
False
Let w = 530272 + -208239. Is w composite?
True
Suppose 6*p - 2123 = 1747. Let l = -2 + 6. Suppose l*w = -4*r - 71 + 2619, r - w - p = 0. Is r a prime number?
True
Suppose -52*h + 21*h + 242017 = 0. Is h a composite number?
True
Suppose 29*p - 266848 = -2*p. Let t = 17605 - p. Is t prime?
False
Suppose 82*s = 81*s. Suppose s = 3*a - f - 16479, a + 3*f + 2*f = 5493. Is a prime?
False
Suppose -8*y = -7*y - 2. Is y*541 + 70/14 a prime number?
True
Let l = -16216 - -28724. Suppose 2*t - l = 68082. Is t a prime number?
False
Let y be 8/10*(-175)/(-2). Suppose 5*u = w - y, -4*u + 28 = -w + 99. Suppose 0 = -3*z + 2*z - 4*j + w, -10 = -2*j. Is z a composite number?
True
Suppose 0 = 13*r - 10*r - 15, 5*r = 4*s + 17. Suppose 0 = h - y + s*y - 61, 2*h = y + 125. Is h a prime number?
False
Let g(a) be the first derivative of a**4/4 + 34*a**3/3 + 11*a**2 - 130*a - 84. Is g(-31) a composite number?
True
Suppose -4*k - 92941 = -4*h + 474251, -3*k = 5*h - 708950. Is h composite?
False
Let g(u) = 29*u + 18 - 2 - 9 - u**2 - 12 - 6. Let o = 7 - -11. Is g(o) composite?
True
Let l = 130 + -685. Let o be (18/2)/(-3) + (3 - l). Let i = o - 378. Is i prime?
False
Let i(f) = -63559*f + 253. Is i(-4) prime?
True
Let p be (7 + 9724/(-11))/(2/(-8)). Suppose 7*v = 3*v + p. Is v composite?
False
Suppose 3*i - 127 = -5*t, 3*t + i = -0*i + 73. Suppose 6*s = 19 + t. Let a = 150 + s. Is a a composite number?
False
Let p be (-8 - (-280)/42)*(-9)/4. Suppose -46 = -p*u - 37, r = -5*u + 8476. Is r composite?
False
Let r(t) = 13*t**2 - 13*t + 43. Let u = -352 - -364. Is r(u) prime?
True
Let n = -27 + -8. Let j = 40 + n. Suppose -608 = -j*r + 362. Is r a prime number?
False
Is (-7)/((-56)/20)*463928/20 a prime number?
True
Suppose -21*l + 3294808 = 6*l + 61*l. Is l a composite number?
False
Let n(z) = 8437*z - 1537. Is n(14) a prime number?
False
Suppose -108*q + 44*q = -223808. Is q composite?
True
Suppose -165*d + 1468008 = -163*d. Suppose -403311 = -15*r + d. Is r a composite number?
False
Let k(r) = 23*r**3 - 1 + 42*r + 3 + 1 - 4*r**2. Is k(6) prime?
False
Suppose -4*l = 4*b - 6140, 6*b - 10*b - l + 6128 = 0. Let o = b - -1512. Is o a composite number?
True
Let b(o) = 45*o - 24. Let z = 115 - 121. Let c(a) = -a**3 - 7*a**2 - 9*a + 1. Let r be c(z). Is b(r) composite?
True
Suppose 4*j - 81147 = -29*j. Suppose 5*d + 0*c - 6105 = 4*c, j = 2*d - 5*c. Is d a composite number?
False
Suppose 3*m + 125 = -2*m. Let j be ((-5)/m*5)/(-1). Let p(f) = -255*f - 4. Is p(j) composite?
False
Let y(k) = 16*k + 11. Let q be y(2). Suppose 0 = -q*o + 42*o + 6295. Is o a composite number?
True
Suppose -19 = -5*y + 51. Suppose -35034 = 11*a - y*a. Is (-3 - (-27)/12) + a/8 prime?
True
Let y be ((-393)/(-2))/((-24)/32). Let x = y + 453. Suppose -3*f = -4*f + x. Is f a prime number?
True
Let x(n) be the third derivative of -457*n**4/2 + 29*n**3/6 + 82*n**2. Is x(-1) a prime number?
False
Let f(a) = -1081*a**2 - 10*a - 2. Let k be f(3). Let l = k - -14970. Is l composite?
False
Let w = 41658 + -8095. Is w a composite number?
False
Let i be 8 + (-1)/2*(-6 + 12). Suppose n = i*f - 2*f - 21622, -4*f + 28826 = 2*n. Is f prime?
True
Suppose -3*a = -12 - 6. Let t = 2151 - 2021. Suppose 0 = a*s - s + 5*y - t, 0 = -3*s + 3*y + 60. Is s a composite number?
False
Let x(c) = 222*c**2 + 11*c + 304. Is x(39) a prime number?
False
Suppose 90*k - 7067 = 2512123. Is k prime?
False
Suppose -2*a - 5 = -15. Suppose -2*x - 7*t + 2*t + 809 = 0, 0 = a*x + t - 2034. Is x a prime number?
False
Suppose -3*u - b = -2*b - 143, 3*u + 4*b - 148 = 0. Suppose 55*j - 25487 = u*j. Is j prime?
False
Suppose -10*p + 40*p + 8572556 = 98*p. Is p a composite number?
False
Let v = -191 + 99. Is ((-1211341)/v)/(2/8) a composite number?
False
Let j be ((-2518)/5)/(3/((-540)/24)). Is ((-7 + 2)/5)/((-3)/j) a composite number?
False
Let h be 4 - (884 - 4/1). Let k = -169 - h. Is k a composite number?
True
Suppose 24*r = 25*r + 4. Suppose 0 = 38*g - 42*g - 64. Is 596/g*(-12 - r) prime?
False
Suppose 253569328 + 132820339 = 278*s - 143958995. Is s composite?
False
Let r = 733 + -729. Let u(y) = -8*y**3 - y**2 + 2*y - 5. Let m(k) = 15*k**3 + 3*k**2 - 5*k + 9. Let l(j) = -4*m(j) - 9*u(j). Is l(r) prime?
False
Suppose -4*d + 3*j - 46 = -1, -3*d - 55 = 2*j. Is (-2630)/(4*(d/(-6))/(-5)) a composite number?
True
Let z(y) = -2*y**2 - 25*y - 5. Let t(v) = -v**2 - 24*v - 4. Let a(h) = -3*t(h) + 2*z(h). Let q be a(22). Suppose -3104 = -q*u - 1050. Is u a composite number?
True
Suppose -5*c = 3*c - 12*c. Suppose c = -3*v, v = 2*t - v - 4558. Is t prime?
False
Let f(c) = 88*c**2 + 50*c + 71. Is f(50) a composite number?
True
Let d(a) = -22*a**3 - 3*a + 1 - 35*a**2 + 31*a**2 - 4 + a. Is d(-2) a prime number?
False
Suppose 5*d + 4*n - 983513 = 0, 106*n = 2*d + 108*n - 393404. Is d a composite number?
True
Let k(c) = 3*c - 1. Let z(f) = f**2 + f. Let d(x) = k(x) - 3*z(x). Let w be d(1). Is ((-6)/w)/((-21)/(-1554)) prime?
False
Suppose 174 = 14*l - 13*l. Suppose 0 = -166*g + l*g - 7912. Is g a prime number?
False
Suppose -133*j = -71*j - 475*j + 37757699. Is j a prime number?
True
Let j(p) be the third derivative of 25*p**4/12 + 13*p**3/6 - p**2 - 7. Is j(4) prime?
False
Let k be (-2 + -1 + -11)/(6/(-978)). Let s = 939 - k. Let g = s - -2050. Is g prime?
False
Suppose -3*x + 3*u = 12, 2*x + 3*u = -39 + 11. Let g(f) = -1598*f - 3. Is g(x) a composite number?
False
Suppose -2*o = 4*g - 113994, 2*g + 3*o - 25707 = 31288. Is g composite?
False
Suppose -215*r = -89211 - 4227344. Is r prime?
False
Suppose 2*j + 4*o = 43470, 3*o + 108714 = 5*j - 0*o. Is j a prime number?
False
Let u(o) = -o**3 + 7*o**2 + 7*o + 10. Let s be u(8). Suppose 4 = 4*z, 0 = -4*d + s*z + 10. Suppose -1172 = d*b - 7*b. Is b a composite number?
False
Let h(d) = -d**3 - 5*d**2 + 47*d - 3. Let r be h(6). Let p(z) = 44*z - 2. Let g be p(6). Let m = r + g. Is m composite?
True
Suppose d = -2*v - 29826 + 366671, d - 336815 = 3*v. Is d composite?
True
Suppose 2*u = 4*w + 16692, -3*w - 36988 + 3584 = -4*u. Let o = u + -5543. Is o a prime number?
False
Suppose 0 = -21*u - 10182 - 65348 + 557207. Is u a composite number?
False
Let o be (-6)/(-4)*(-3728452)/(-42). Let w be 2/(-18) + o/117. Suppose -15*s + w = -14*s. Is s a prime number?
False
Suppose -88*m = -